uppose -5*h + w*q - 2*q = -35, -3*h = 2*q - 36. What are the prime factors of h?
2, 5
What are the prime factors of (56/12)/((-4)/(-6))?
7
Let d(s) = s**2 - 9*s - 14. Let g be d(10). Let w be (-1456)/21 - g/(-6). What are the prime factors of (4/(-2))/(10/w)?
2, 7
Let x = 0 - -1. What are the prime factors of 3 - (-12 + (x - 1))?
3, 5
Suppose 0 = -3*r - 6, 5*r = -g + 2*g - 16. Let h be ((-2)/g)/(2/(-18)). Suppose -5*b = -0*b - 4*l - 75, 0 = -h*l - 15. List the prime factors of b.
11
Suppose -d = -3*r - 109, -3*d + 4 = -2*d. Let s = r - -49. What are the prime factors of s?
2, 7
Suppose 4*d - 81 + 13 = 0. List the prime factors of d.
17
Suppose 2*y = -2*l + 14, 5*y + 3*l = 34 + 9. List the prime factors of y.
11
Let x be (-1 - 0)*(-5)/1. Suppose -i = 4*f - 2 - x, f + i = -2. Suppose -2*b = f*b - 35. List the prime factors of b.
7
List the prime factors of 23 + (4 - (-1 + 7)).
3, 7
Let q = 6 + 8. List the prime factors of q.
2, 7
Suppose -b + 3*y - 18 = -0*y, 0 = -5*b - 4*y + 5. Let q(f) = -f**3 + f**2 + 2*f - 4. List the prime factors of q(b).
2, 13
Let j(l) = 13*l - 1. Let v be j(1). Suppose 7*g = 9 - 2. List the prime factors of (g + v)*(-6)/(-6).
13
What are the prime factors of 6/(-15) + 528/20?
2, 13
Suppose 0 = 5*f - 4*k + 1, 5*f + 5*k = 3*k + 23. Suppose 2*u - 31 - 13 = -2*j, -38 = -f*u + 4*j. Let p = u - 10. List the prime factors of p.
2
Let q(b) = b**2 + 5*b - 2. Let d = 6 - 12. Let i be q(d). Suppose -i*w - 2 = -34. List the prime factors of w.
2
What are the prime factors of 55*(-2)/(20/(-6))?
3, 11
Suppose 2*z - 7 = -3. Suppose -z*n + 131 = 4*x - 3*n, n = 2*x - 65. What are the prime factors of x?
3, 11
What are the prime factors of 57/((-9)/(-2) - 3)?
2, 19
Let a(w) = w**3 - 4*w**2 - 4*w - 11. Let k be a(5). Let g = 17 - k. List the prime factors of g.
23
Let a = 252 + -141. Suppose -2*d + 48 = f, -3*d + a = -5*f + 26. What are the prime factors of d?
5
Suppose -585 = -7*m + 2*m. List the prime factors of m.
3, 13
Suppose 2*d - 580 = -3*g - g, d = -4*g + 578. What are the prime factors of g?
2, 3
Let r(c) = c**3 - 6*c**2 - 6*c - 5. Let p be r(7). Let d(m) = 8*m**2 + 1. Let s be d(-1). Suppose -n - s = -p*n. What are the prime factors of n?
3
Suppose -i - 103 = -5*i - 5*x, -4*x + 50 = 2*i. What are the prime factors of i?
3
Suppose 5*i = 4*j + 432, -3*j + 166 = 2*i - 8*j. What are the prime factors of i?
2, 11
Suppose 3*n - 67 - 2 = 0. What are the prime factors of n?
23
Suppose 0 = -2*j + 2*v - 34, 2*j + 2*v + 34 = v. Let t = 10 + j. List the prime factors of (-7)/(t/6) + 0.
2, 3
Let p = 40 + -20. What are the prime factors of p?
2, 5
Let t(x) = -x**3 + 15*x**2 - 13*x + 16. List the prime factors of t(14).
2, 3, 5
Let p(o) = o**2 - 2*o - 4. What are the prime factors of p(-4)?
2, 5
Let v(p) = -p**3 - p**2 + 3*p + 353. What are the prime factors of v(0)?
353
Let z be 33/5 - (-6)/15. Let m = 13 - z. Suppose -m*y + 12 = -5*y. What are the prime factors of y?
2, 3
Let l be 6 + 4 - (-2)/(-1). Suppose 5*c = -5*i - 15, 7*i + 17 = -3*c + 2*i. Let n = c + l. List the prime factors of n.
3
Let h be 12 - (-2)/6*0. Suppose -3*m + 4*m + 2*g = h, -4*g = -m + 24. Let t = -10 + m. What are the prime factors of t?
2, 3
Suppose -24 + 84 = 2*p. Suppose -r = 2*r, -5*r + p = 3*d. What are the prime factors of d?
2, 5
What are the prime factors of 5/(-15) - (-22)/3?
7
Let a(z) = -6*z - 3. Let u be a(-3). Let y = 11 - u. Let i = 1 - y. List the prime factors of i.
5
Suppose 0 = 5*i - 5. List the prime factors of -1*(i + -1 + -2).
2
Let x = 17 + -15. List the prime factors of ((-10)/x)/((-4)/12).
3, 5
Let k = 159 - 9. What are the prime factors of k?
2, 3, 5
Let k(v) = v**2 - 3*v - 3. Let o be k(5). Let a(t) be the second derivative of t**4/12 - 7*t**3/6 + t**2 - 5*t. What are the prime factors of a(o)?
2
Let v = -41 + 71. What are the prime factors of v?
2, 3, 5
Suppose -2*d = -6*d + 84. Let j = d + -9. What are the prime factors of j?
2, 3
Let p = 36 - -6. Suppose 2*i + 12 = p. Suppose -c = 4*c - i. What are the prime factors of c?
3
Let j(v) = -14*v - 5. Let u(p) = -5*p - 2. Let h(c) = 4*j(c) - 11*u(c). Let t(n) = -n**3 - 1. Let y be t(-1). What are the prime factors of h(y)?
2
What are the prime factors of 1887/33 + (-10)/55?
3, 19
Suppose 3*p = -5*i + 2*p - 5, 2*i + 5 = -p. Let z(c) = -2 + c - 4*c**2 + 0*c + i*c + c**3. What are the prime factors of z(4)?
2
Let o be (-7)/(-3) + (-2)/6. Suppose 0 = d - 11 + o. What are the prime factors of d?
3
Suppose 60 = -4*r + 172. Suppose -5*y = -r + 3. Suppose -3*g - g = o + 16, 0 = 3*o - y*g - 37. List the prime factors of o.
2
Suppose 0 = t + 2*t - 3. What are the prime factors of t/(-3) + (-140)/(-6)?
23
Let p(k) = k**2 + 7*k + 6. Let q(d) = d**2 - 8. Let f be q(0). What are the prime factors of p(f)?
2, 7
Suppose -3*i = -7*i + 96. Let z = i - 6. What are the prime factors of z/3 + -2 + -2?
2
Suppose 91 = 4*t - 3*o + 2*o, -4*t + 88 = -4*o. List the prime factors of t.
23
Let h = -23 - -54. What are the prime factors of h?
31
Let q(z) = -13*z**3 + z**2 + z - 1. Let d be q(1). Let c = d + 22. List the prime factors of c.
2, 5
Suppose -9 = -5*k - d + 5, -k - 10 = -3*d. Suppose -4*o + 7 = -3*n - 8, 4*o - 14 = k*n. List the prime factors of o.
3
Let z be (99/(-22))/(2/(-4)). List the prime factors of 61/z + (-2)/(-9).
7
Suppose 0 = r - 4, -3*r + 94 = 4*q - 142. List the prime factors of q.
2, 7
Let r(k) = -10*k. Suppose 6*g = 4*g - 2. What are the prime factors of r(g)?
2, 5
Let k = -3 + 9. Let q be -2*k/8*-2. Suppose 10 = 5*t, q*n + 6 = 2*t + 38. List the prime factors of n.
2, 3
Suppose -7*f + 28 = 7. Suppose f*y + y - p = 135, -5*p + 117 = 4*y. What are the prime factors of y?
3, 11
Let k = -7 - -8. What are the prime factors of (-2 - k) + 31 + -2?
2, 13
Let u(t) = -t**3 + 6*t**2 + 3*t + 8. Let p be u(6). Suppose -83 = -3*l - 4*s, -l + p = 5*s - 4*s. List the prime factors of l.
3, 7
Suppose 4*o - 26 + 6 = 2*h, h + 22 = 5*o. Let k be 1/(-2)*h + 2. Suppose -y = k - 18. List the prime factors of y.
3, 5
Let q be ((-111)/(-2))/((-8)/(-16)). Suppose -v + q = 2*v. List the prime factors of v.
37
Let y be 2/(-3) + (-244)/12. Let i = y + 38. What are the prime factors of i?
17
Suppose 7*u - 9*u + 56 = 0. List the prime factors of u.
2, 7
Let m be (-5)/(-4) - (-2)/(-8). Let d be (33/(-15) + m)*5. List the prime factors of -2 - 2*21/d.
5
Let d(i) = i**2 - 17*i - 8. List the prime factors of d(27).
2, 131
List the prime factors of (2/6 + -1)*774/(-12).
43
What are the prime factors of (-754)/(-5) - (-4)/(-5)?
2, 3, 5
Let n = 2 - 2. Suppose n = -2*g - 0*g - 8. Let m = g - -7. What are the prime factors of m?
3
Let o(z) = -z**2 + 4*z - 5. Let k be o(5). Let p = 14 + k. What are the prime factors of p?
2
Let r = -107 - -43. Let j = -32 - r. Suppose 2*l - 4*l + j = 0. List the prime factors of l.
2
Let a(m) = -3*m**3 - m**2 - 2*m - 2. Let d be a(-2). Suppose 5*b = 3*v - 28, -40 - 13 = -5*v + 2*b. Let u = d - v. List the prime factors of u.
11
List the prime factors of 45 + (-1 - -3 - 5).
2, 3, 7
Let m(o) be the third derivative of o**4/12 - 5*o**3/2 + 4*o**2. What are the prime factors of m(10)?
5
Suppose -54 - 18 = -4*r. Let d = r - 13. What are the prime factors of d?
5
Suppose 0 = p + p, -2*f - 4*p = -28. Suppose z = 10 + f. List the prime factors of z.
2, 3
Let k(d) = 3*d**3 - 4*d + 3. List the prime factors of k(2).
19
Let a be 180/25 + (-3)/15. Suppose 0 = -a*s + 4*s + 36. What are the prime factors of s?
2, 3
Let n be 51/(-7) - (-4)/14. Let g(w) be the third derivative of w**6/120 + 2*w**5/15 + w**4/4 - w**3/2 - 2*w**2. List the prime factors of g(n).
2
Let l = -15 - -71. List the prime factors of l.
2, 7
Let l(a) = 2*a - 4*a - 2 - 11 + a. List the prime factors of l(-16).
3
Suppose 0*b = -6*b + 30. Suppose -h + 4*v = -b*h + 84, h - 11 = 4*v. List the prime factors of h.
19
Suppose -4*i + 2*c + 13 = -19, 0 = -5*i - 3*c + 51. Suppose -26 = -3*b + 2*o, 0 = 5*b - 6*o + o - 45. Let l = i + b. What are the prime factors of l?
17
Let o(p) = p - 14. Let s be o(10). Suppose -4*h + 5*z + 60 = 0, -2*z - 45 = -h - 2*h. Let c = h + s. List the prime factors of c.
11
Let t(j) = j**3 + 5*j**2 + j. List the prime factors of t(-4).
2, 3
Let t = 225 - 62. What are the prime factors of t?
163
Let j = 51 + -23. What are the prime 